--
-- Host: localhost    Database: iav
-- ------------------------------------------------------


--
-- Table structure for table `application`
--

CREATE TABLE `application` (
  `id` int(11) NOT NULL AUTO_INCREMENT,
  `user_id` int(11) NOT NULL,
  `course_id` int(11) NOT NULL,
  `status` int(11) DEFAULT NULL,
  `created_at` datetime DEFAULT NULL,
  `updated_at` datetime DEFAULT NULL,
  `mail_confirmation` tinyint(1) DEFAULT NULL,
  `payment_receipt_uploaded` tinyint(1) DEFAULT NULL,
  `documents_uploaded` tinyint(1) DEFAULT NULL,
  `mail_relance` tinyint(1) DEFAULT NULL,
  `school_id` int(11) NOT NULL,
  `trainingType_id` int(11) NOT NULL,
  `diplomaType_id` int(11) NOT NULL,
  PRIMARY KEY (`id`),
  KEY `IDX_A45BDDC1A76ED395` (`user_id`),
  KEY `IDX_A45BDDC1591CC992` (`course_id`),
  KEY `IDX_A45BDDC1C32A47EE` (`school_id`),
  KEY `IDX_A45BDDC1C02E95E3` (`trainingType_id`),
  KEY `IDX_A45BDDC1B534DF12` (`diplomaType_id`),
  CONSTRAINT `FK_A45BDDC1591CC992` FOREIGN KEY (`course_id`) REFERENCES `course` (`id`),
  CONSTRAINT `FK_A45BDDC1A76ED395` FOREIGN KEY (`user_id`) REFERENCES `users` (`id`),
  CONSTRAINT `FK_A45BDDC1B534DF12` FOREIGN KEY (`diplomaType_id`) REFERENCES `diploma_type` (`id`),
  CONSTRAINT `FK_A45BDDC1C02E95E3` FOREIGN KEY (`trainingType_id`) REFERENCES `training_type` (`id`),
  CONSTRAINT `FK_A45BDDC1C32A47EE` FOREIGN KEY (`school_id`) REFERENCES `school` (`id`)
) ENGINE=InnoDB AUTO_INCREMENT=1100 DEFAULT CHARSET=utf8 COLLATE=utf8_unicode_ci;

--
-- Dumping data for table `application`
--

INSERT INTO `application` VALUES (1088,14,4,NULL,'2019-05-21 17:04:54',NULL,NULL,NULL,0,NULL,1,6,4),(1089,14,5,NULL,'2019-05-21 17:06:22',NULL,NULL,NULL,NULL,NULL,1,6,4),(1090,2126,4,NULL,'2019-05-21 18:07:28',NULL,1,1,1,NULL,1,6,4),(1091,2126,5,NULL,'2019-05-21 18:13:07',NULL,1,1,1,NULL,1,6,4),(1092,2127,4,NULL,'2019-05-21 23:44:54',NULL,1,1,1,NULL,1,6,4),(1093,2127,5,NULL,'2019-05-22 11:46:22',NULL,1,1,1,NULL,1,6,4),(1094,2128,4,4,'2019-05-22 12:43:06',NULL,1,1,1,NULL,1,6,4),(1095,2129,4,NULL,'2019-05-22 17:51:27',NULL,1,1,1,NULL,1,6,4),(1096,2130,4,4,'2019-05-23 00:01:38',NULL,1,1,1,NULL,1,6,4),(1097,2130,5,-1,'2019-05-23 00:08:27',NULL,1,1,1,NULL,1,6,4),(1098,2128,5,NULL,'2019-05-23 11:20:35',NULL,NULL,NULL,NULL,NULL,1,6,4),(1099,2132,4,NULL,'2019-05-23 11:25:41',NULL,1,1,1,NULL,1,6,4);

--
-- Table structure for table `application_diploma`
--

CREATE TABLE `application_diploma` (
  `id` int(11) NOT NULL AUTO_INCREMENT,
  `application_id` int(11) NOT NULL,
  `diploma_id` int(11) NOT NULL,
  `ord` int(11) DEFAULT NULL,
  PRIMARY KEY (`id`),
  KEY `IDX_79F8C643E030ACD` (`application_id`),
  KEY `IDX_79F8C64A99ACEB5` (`diploma_id`),
  CONSTRAINT `FK_79F8C643E030ACD` FOREIGN KEY (`application_id`) REFERENCES `application` (`id`),
  CONSTRAINT `FK_79F8C64A99ACEB5` FOREIGN KEY (`diploma_id`) REFERENCES `diploma` (`id`)
) ENGINE=InnoDB AUTO_INCREMENT=4151 DEFAULT CHARSET=utf8 COLLATE=utf8_unicode_ci;

--
-- Dumping data for table `application_diploma`
--

INSERT INTO `application_diploma` VALUES (4139,1088,12,1),(4140,1089,13,1),(4141,1090,12,1),(4142,1091,13,1),(4143,1092,12,1),(4144,1093,13,1),(4145,1094,12,1),(4146,1095,12,1),(4147,1096,12,1),(4148,1097,13,1),(4149,1098,13,1),(4150,1099,12,1);

--
-- Table structure for table `autorisations`
--

CREATE TABLE `autorisations` (
  `role_id` int(11) NOT NULL,
  `fonctionnalite_id` int(11) NOT NULL,
  PRIMARY KEY (`role_id`,`fonctionnalite_id`),
  KEY `IDX_3AB39F8FD60322AC` (`role_id`),
  KEY `IDX_3AB39F8F4477C5D8` (`fonctionnalite_id`),
  CONSTRAINT `FK_3AB39F8F4477C5D8` FOREIGN KEY (`fonctionnalite_id`) REFERENCES `fonctionnalites` (`id`),
  CONSTRAINT `FK_3AB39F8FD60322AC` FOREIGN KEY (`role_id`) REFERENCES `roles` (`id`)
) ENGINE=InnoDB DEFAULT CHARSET=utf8 COLLATE=utf8_unicode_ci;

--
-- Dumping data for table `autorisations`
--

INSERT INTO `autorisations` VALUES (3,2),(3,3);

--
-- Table structure for table `course`
--

CREATE TABLE `course` (
  `id` int(11) NOT NULL AUTO_INCREMENT,
  `name` varchar(255) COLLATE utf8_unicode_ci NOT NULL,
  `conditions` longtext COLLATE utf8_unicode_ci NOT NULL,
  `school_year` int(11) NOT NULL,
  `application_deadline` datetime DEFAULT NULL,
  `files_deadline` datetime DEFAULT NULL,
  `payment_receipt_deadline` datetime DEFAULT NULL,
  PRIMARY KEY (`id`)
) ENGINE=InnoDB AUTO_INCREMENT=6 DEFAULT CHARSET=utf8 COLLATE=utf8_unicode_ci;

--
-- Dumping data for table `course`
--

INSERT INTO `course` VALUES (4,'Cycle d\'ingénieur Sciences Géométriques et Ingénierie Topographique','<b>-</b> Frais du concours:&nbsp;<b>250 DHS</b>&nbsp;versés au compte de l\'ENAM Hassan II ouvert à la trésorerie générale du royaume sous le N°:<b>310 810 100002400401870145.</b><br><b>-</b> Titulaires des Diplômes suivants: <b>DEUG&nbsp;</b>(maths,&nbsp;informatique,&nbsp;physique),&nbsp;&nbsp;<b>Licence </b>(maths,&nbsp;informatique,&nbsp;physique) ou <b>Technicien spécialisé</b> dans l\'un des domaines choisi.<br><b>-</b> Avoir obtenu des mentions Bien durant la&nbsp;scolarité.<br><b>&nbsp;&nbsp;</b><br>',2019,'2019-06-14 00:00:00','2019-07-17 00:00:00','2019-06-14 00:00:00'),(5,'Cycle d\'ingénieur Génie Rural','<b>-</b>&nbsp;Frais du concours:&nbsp;<b>250 DHS</b>&nbsp;versés au compte de l\'ENAM Hassan II ouvert à la trésorerie générale du royaume sous le N°:<b>310 810 100002400401870145.</b><br><b>-</b>&nbsp;Titulaires des Diplômes suivants:&nbsp;<b>DEUG&nbsp;</b>(maths,&nbsp;informatique,&nbsp;physique),&nbsp;&nbsp;<b>Licence&nbsp;</b>(maths,&nbsp;informatique,&nbsp;physique) ou&nbsp;<b>Technicien spécialisé</b>&nbsp;dans l\'un des domaines choisi.<br><b>-</b>&nbsp;Avoir obtenu des mentions Bien durant la&nbsp;scolarité.<br>&nbsp;',2019,'2019-06-15 00:00:00','2019-07-17 00:00:00','2019-06-15 00:00:00');

--
-- Table structure for table `course_diploma`
--

CREATE TABLE `course_diploma` (
  `course_id` int(11) NOT NULL,
  `diploma_id` int(11) NOT NULL,
  PRIMARY KEY (`course_id`,`diploma_id`),
  KEY `IDX_E4E28CBB591CC992` (`course_id`),
  KEY `IDX_E4E28CBBA99ACEB5` (`diploma_id`),
  CONSTRAINT `FK_E4E28CBB591CC992` FOREIGN KEY (`course_id`) REFERENCES `course` (`id`),
  CONSTRAINT `FK_E4E28CBBA99ACEB5` FOREIGN KEY (`diploma_id`) REFERENCES `diploma` (`id`)
) ENGINE=InnoDB DEFAULT CHARSET=utf8 COLLATE=utf8_unicode_ci;

--
-- Dumping data for table `course_diploma`
--

INSERT INTO `course_diploma` VALUES (4,12),(5,13);

--
-- Table structure for table `course_document_type`
--

CREATE TABLE `course_document_type` (
  `course_id` int(11) NOT NULL,
  `document_type_id` int(11) NOT NULL,
  PRIMARY KEY (`course_id`,`document_type_id`),
  KEY `IDX_E8E79F63591CC992` (`course_id`),
  KEY `IDX_E8E79F6361232A4F` (`document_type_id`),
  CONSTRAINT `FK_E8E79F63591CC992` FOREIGN KEY (`course_id`) REFERENCES `course` (`id`),
  CONSTRAINT `FK_E8E79F6361232A4F` FOREIGN KEY (`document_type_id`) REFERENCES `document_type` (`id`)
) ENGINE=InnoDB DEFAULT CHARSET=utf8 COLLATE=utf8_unicode_ci;

--
-- Dumping data for table `course_document_type`
--

INSERT INTO `course_document_type` VALUES (4,1),(4,5),(4,9),(4,13),(4,14),(4,15),(5,1),(5,5),(5,9),(5,13),(5,14),(5,15);

--
-- Table structure for table `diploma`
--

CREATE TABLE `diploma` (
  `id` int(11) NOT NULL AUTO_INCREMENT,
  `school_id` int(11) NOT NULL,
  `school_field_id` int(11) NOT NULL,
  `diploma_type_id` int(11) NOT NULL,
  `training_type_id` int(11) NOT NULL,
  PRIMARY KEY (`id`),
  KEY `IDX_EC218957C32A47EE` (`school_id`),
  KEY `IDX_EC218957BA7133F4` (`school_field_id`),
  KEY `IDX_EC218957D2BDC45D` (`diploma_type_id`),
  KEY `IDX_EC21895718721C9D` (`training_type_id`),
  CONSTRAINT `FK_EC21895718721C9D` FOREIGN KEY (`training_type_id`) REFERENCES `training_type` (`id`),
  CONSTRAINT `FK_EC218957BA7133F4` FOREIGN KEY (`school_field_id`) REFERENCES `school_field` (`id`),
  CONSTRAINT `FK_EC218957C32A47EE` FOREIGN KEY (`school_id`) REFERENCES `school` (`id`),
  CONSTRAINT `FK_EC218957D2BDC45D` FOREIGN KEY (`diploma_type_id`) REFERENCES `diploma_type` (`id`)
) ENGINE=InnoDB AUTO_INCREMENT=14 DEFAULT CHARSET=utf8 COLLATE=utf8_unicode_ci;

--
-- Dumping data for table `diploma`
--

INSERT INTO `diploma` VALUES (12,1,12,4,6),(13,1,13,4,6);

--
-- Table structure for table `diploma_type`
--

CREATE TABLE `diploma_type` (
  `id` int(11) NOT NULL AUTO_INCREMENT,
  `name` varchar(255) COLLATE utf8_unicode_ci NOT NULL,
  `description` longtext COLLATE utf8_unicode_ci NOT NULL,
  `order_row` int(11) DEFAULT NULL,
  PRIMARY KEY (`id`),
  UNIQUE KEY `UNIQ_DD5D6F5E237E06` (`name`)
) ENGINE=InnoDB AUTO_INCREMENT=5 DEFAULT CHARSET=utf8 COLLATE=utf8_unicode_ci;

--
-- Dumping data for table `diploma_type`
--

INSERT INTO `diploma_type` VALUES (4,'Ingénieur','Mauris blandit aliquet elit, eget tincidunt nibh pulvinar a. Curabitur non nulla sit amet nisl tempus convallis quis ac lectus. Nulla porttitor accumsan tincidunt. Vestibulum ac diam sit amet quam vehicula elementum sed sit amet dui. Vestibulum ac diam sit amet quam vehicula elementum sed sit amet dui. Nulla porttitor accumsan tincidunt. Curabitur arcu erat, accumsan id imperdiet et, porttitor at sem. Pellentesque in ipsum id orci porta dapibus. Mauris blandit aliquet elit, eget tincidunt nibh pulvinar a. Vestibulum ante ipsum primis in faucibus orci luctus et ultrices posuere cubilia Curae; Donec velit neque, auctor sit amet aliquam vel, ullamcorper sit amet ligula.',3);

--
-- Table structure for table `document`
--

CREATE TABLE `document` (
  `id` int(11) NOT NULL AUTO_INCREMENT,
  `user_id` int(11) NOT NULL,
  `document_type_id` int(11) NOT NULL,
  `application_id` int(11) NOT NULL,
  `filename` varchar(255) COLLATE utf8_unicode_ci NOT NULL,
  `extension` varchar(255) COLLATE utf8_unicode_ci NOT NULL,
  `status` int(11) DEFAULT NULL,
  PRIMARY KEY (`id`),
  KEY `IDX_D8698A76A76ED395` (`user_id`),
  KEY `IDX_D8698A7661232A4F` (`document_type_id`),
  KEY `IDX_D8698A763E030ACD` (`application_id`),
  CONSTRAINT `FK_D8698A763E030ACD` FOREIGN KEY (`application_id`) REFERENCES `application` (`id`),
  CONSTRAINT `FK_D8698A7661232A4F` FOREIGN KEY (`document_type_id`) REFERENCES `document_type` (`id`),
  CONSTRAINT `FK_D8698A76A76ED395` FOREIGN KEY (`user_id`) REFERENCES `users` (`id`)
) ENGINE=InnoDB AUTO_INCREMENT=1946 DEFAULT CHARSET=utf8 COLLATE=utf8_unicode_ci;

--
-- Dumping data for table `document`
--

INSERT INTO `document` VALUES (1876,2126,5,1090,'recent_picture_21-05-2019_1558454907_5ce4227bd014f_7783.png','png',NULL),(1877,2126,1,1090,'cin_21-05-2019_1558454907_5ce4227bd303b_9215.png','png',NULL),(1878,2126,2,1090,'curriculum_vitae_21-05-2019_1558454907_5ce4227bd9f11_10000.png','png',NULL),(1879,2126,6,1090,'releve_notes_trois_annee_enseignement_secondaire_21-05-2019_1558454907_5ce4227bdbfe4_9580.png','png',NULL),(1880,2126,7,1090,'certificat_scolarite_2eme_annee_baccalauréat_21-05-2019_1558454907_5ce4227bde526_7691.png','png',NULL),(1881,2126,4,1090,'photocopie_attestation_diplome_licence_etat_equivalent_21-05-2019_1558454907_5ce4227be07f2_829.png','png',NULL),(1882,2126,3,1090,'releve_notes_annees_cycle_Licence_21-05-2019_1558454907_5ce4227be2b26_1648.png','png',NULL),(1883,2126,5,1091,'recent_picture_21-05-2019_1558455229_5ce423bdd55aa_9780.png','png',NULL),(1884,2126,1,1091,'cin_21-05-2019_1558455229_5ce423bdd85a4_424.png','png',NULL),(1885,2126,2,1091,'curriculum_vitae_21-05-2019_1558455229_5ce423bddb6d5_6146.png','png',NULL),(1886,2126,6,1091,'releve_notes_trois_annee_enseignement_secondaire_21-05-2019_1558455229_5ce423bddd421_9230.png','png',NULL),(1887,2126,7,1091,'certificat_scolarite_2eme_annee_baccalauréat_21-05-2019_1558455229_5ce423bddef59_1763.png','png',NULL),(1888,2126,9,1091,'photocopie_legalisee_Baccalaureat_21-05-2019_1558455229_5ce423bde0bc1_7736.png','png',NULL),(1889,2126,10,1091,'attestation_reussite_1ere_2eme_annee_21-05-2019_1558455229_5ce423bde2bbb_3807.png','png',NULL),(1890,2126,4,1091,'photocopie_attestation_diplome_licence_etat_equivalent_21-05-2019_1558455229_5ce423bde4925_1509.png','png',NULL),(1891,2126,3,1091,'releve_notes_annees_cycle_Licence_21-05-2019_1558455229_5ce423bde6f9f_2050.png','png',NULL),(1892,2126,8,1090,'payment_receipt_21-05-2019_1558456038_5ce426e6e3a2d_3698.png','png',NULL),(1893,2126,8,1091,'payment_receipt_21-05-2019_1558456062_5ce426febff0d_5751.png','png',NULL),(1896,2127,8,1092,'payment_receipt_22-05-2019_1558517547_5ce5172bef358_3772.png','png',NULL),(1897,2127,5,1092,'recent_picture_22-05-2019_1558517704_5ce517c8da6d7_1197.png','png',NULL),(1898,2127,13,1092,'demande_manuscrite_22-05-2019_1558518122_5ce5196abca3c_8593.png','png',NULL),(1899,2127,9,1092,'photocopie_legalisee_Baccalaureat_22-05-2019_1558518167_5ce5199727029_5309.png','png',NULL),(1900,2127,1,1092,'cin_22-05-2019_1558518175_5ce5199fec493_7171.png','png',NULL),(1901,2127,14,1092,'copie_certifiee_conforme_notes_obtenues_après_baccalauréat_22-05-2019_1558518337_5ce51a417aae3_3638.png','png',NULL),(1902,2127,15,1092,'Copie_certifiée_conforme_diplôme_obtenu_après_baccalauréat_22-05-2019_1558518347_5ce51a4b74c6f_4910.png','png',NULL),(1904,2127,13,1093,'demande_manuscrite_22-05-2019_1558518413_5ce51a8d4570b_2295.png','png',NULL),(1905,2127,5,1093,'recent_picture_22-05-2019_1558518413_5ce51a8d48076_3745.png','png',NULL),(1906,2127,1,1093,'cin_22-05-2019_1558518413_5ce51a8d49fd2_8054.png','png',NULL),(1907,2127,14,1093,'copie_certifiee_conforme_notes_obtenues_après_baccalauréat_22-05-2019_1558518413_5ce51a8d4dc50_793.png','png',NULL),(1908,2127,15,1093,'Copie_certifiée_conforme_diplôme_obtenu_après_baccalauréat_22-05-2019_1558518413_5ce51a8d4f9a1_789.png','png',NULL),(1909,2127,9,1093,'photocopie_legalisee_Baccalaureat_22-05-2019_1558518466_5ce51ac2514d8_8560.png','png',NULL),(1910,2127,8,1093,'payment_receipt_22-05-2019_1558518477_5ce51acd07a90_7536.png','png',NULL),(1911,2129,5,1095,'recent_picture_22-05-2019_1558540353_5ce57041f2d8f_5292.jpeg','jpeg',4),(1912,2129,13,1095,'demande_manuscrite_22-05-2019_1558540354_5ce57042ecd7c_334.jpeg','jpeg',4),(1913,2129,9,1095,'photocopie_legalisee_Baccalaureat_22-05-2019_1558540354_5ce57042f0ce6_5541.jpeg','jpeg',4),(1914,2129,1,1095,'cin_22-05-2019_1558540354_5ce5704300251_1474.jpeg','jpeg',4),(1915,2129,14,1095,'copie_certifiee_conforme_notes_obtenues_après_baccalauréat_22-05-2019_1558540355_5ce57043036ed_648.jpeg','jpeg',4),(1916,2129,15,1095,'Copie_certifiée_conforme_diplôme_obtenu_après_baccalauréat_22-05-2019_1558540355_5ce5704307b94_8756.jpeg','jpeg',4),(1917,2129,8,1095,'payment_receipt_22-05-2019_1558540373_5ce57055ce757_986.jpeg','jpeg',4),(1918,2128,13,1094,'demande_manuscrite_22-05-2019_1558540970_5ce572aa53329_6847.jpeg','jpeg',4),(1919,2128,5,1094,'recent_picture_22-05-2019_1558540970_5ce572aa5628d_4268.jpeg','jpeg',4),(1920,2128,9,1094,'photocopie_legalisee_Baccalaureat_22-05-2019_1558540970_5ce572aa59a23_8797.jpeg','jpeg',4),(1921,2128,1,1094,'cin_22-05-2019_1558540970_5ce572aa5c889_1028.jpeg','jpeg',4),(1922,2128,14,1094,'copie_certifiee_conforme_notes_obtenues_après_baccalauréat_22-05-2019_1558540970_5ce572aa60417_2840.jpeg','jpeg',4),(1923,2128,15,1094,'Copie_certifiée_conforme_diplôme_obtenu_après_baccalauréat_22-05-2019_1558540970_5ce572aa62c46_986.jpeg','jpeg',4),(1924,2128,8,1094,'payment_receipt_22-05-2019_1558540978_5ce572b24d2e7_15.jpeg','jpeg',4),(1925,2130,13,1096,'demande_manuscrite_23-05-2019_1558562547_5ce5c6f375a9d_8341.png','png',-1),(1926,2130,9,1097,'photocopie_legalisee_Baccalaureat_23-05-2019_1558562921_5ce5c86901d4e_8070.png','png',NULL),(1927,2130,8,1096,'payment_receipt_23-05-2019_1558562954_5ce5c88a34a2e_2988.png','png',-1),(1928,2130,8,1097,'payment_receipt_23-05-2019_1558562965_5ce5c8951d0de_3615.png','png',NULL),(1929,2130,5,1096,'recent_picture_23-05-2019_1558563760_5ce5cbb0e369c_9248.png','png',-1),(1930,2130,9,1096,'photocopie_legalisee_Baccalaureat_23-05-2019_1558563760_5ce5cbb0e61bf_9927.png','png',NULL),(1931,2130,1,1096,'cin_23-05-2019_1558563760_5ce5cbb0e9b22_1537.png','png',4),(1932,2130,14,1096,'copie_certifiee_conforme_notes_obtenues_après_baccalauréat_23-05-2019_1558563760_5ce5cbb0eb664_6811.png','png',NULL),(1933,2130,15,1096,'Copie_certifiée_conforme_diplôme_obtenu_après_baccalauréat_23-05-2019_1558563760_5ce5cbb0ed2f4_8623.png','png',NULL),(1934,2130,5,1097,'recent_picture_23-05-2019_1558564155_5ce5cd3b02e25_9321.png','png',NULL),(1935,2130,13,1097,'demande_manuscrite_23-05-2019_1558564155_5ce5cd3b056a0_506.png','png',NULL),(1936,2130,1,1097,'cin_23-05-2019_1558564155_5ce5cd3b071ba_2585.png','png',NULL),(1937,2130,14,1097,'copie_certifiee_conforme_notes_obtenues_après_baccalauréat_23-05-2019_1558564155_5ce5cd3b08e63_6806.png','png',NULL),(1938,2130,15,1097,'Copie_certifiée_conforme_diplôme_obtenu_après_baccalauréat_23-05-2019_1558564155_5ce5cd3b0c808_8762.png','png',NULL),(1939,2132,5,1099,'recent_picture_23-05-2019_1558604069_5ce6692505736_418.jpeg','jpeg',4),(1940,2132,13,1099,'demande_manuscrite_23-05-2019_1558604069_5ce669253bdbd_8982.jpeg','jpeg',4),(1941,2132,9,1099,'photocopie_legalisee_Baccalaureat_23-05-2019_1558604069_5ce669253e4e9_3973.jpeg','jpeg',4),(1942,2132,1,1099,'cin_23-05-2019_1558604069_5ce66925406cf_3828.jpeg','jpeg',4),(1943,2132,14,1099,'copie_certifiee_conforme_notes_obtenues_après_baccalauréat_23-05-2019_1558604069_5ce6692542d00_5709.jpeg','jpeg',4),(1944,2132,15,1099,'Copie_certifiée_conforme_diplôme_obtenu_après_baccalauréat_23-05-2019_1558604069_5ce6692544f9e_6058.jpeg','jpeg',4),(1945,2132,8,1099,'payment_receipt_23-05-2019_1558604104_5ce66948f3490_7693.jpeg','jpeg',4);

--
-- Table structure for table `document_type`
--

CREATE TABLE `document_type` (
  `id` int(11) NOT NULL AUTO_INCREMENT,
  `name` varchar(100) COLLATE utf8_unicode_ci NOT NULL,
  `code` varchar(100) COLLATE utf8_unicode_ci NOT NULL,
  `multiple` tinyint(1) DEFAULT NULL,
  `order_row` int(11) DEFAULT NULL,
  PRIMARY KEY (`id`),
  UNIQUE KEY `UNIQ_2B6ADBBA5E237E06` (`name`)
) ENGINE=InnoDB AUTO_INCREMENT=16 DEFAULT CHARSET=utf8 COLLATE=utf8_unicode_ci;

--
-- Dumping data for table `document_type`
--

INSERT INTO `document_type` VALUES (1,'CIN (Carte d\'identité nationale, Recto-Verso)','cin',1,2),(2,'Curriculum Vitae','curriculum_vitae',0,3),(3,'Relevé de notes des 3 années du cycle Licence','releve_notes_annees_cycle_Licence',1,11),(4,'Photocopie de l\'attestation du diplôme de la Licence d\'État ou équivalent','photocopie_attestation_diplome_licence_etat_equivalent',1,9),(5,'photo récente','recent_picture',0,1),(6,'Relevé de notes des trois années de l\'enseignement secondaire','releve_notes_trois_annee_enseignement_secondaire',1,5),(7,'Certificat de scolarité de la 2ème  année du baccalauréat','certificat_scolarite_2eme_annee_baccalauréat',0,6),(8,'Reçu de paiement','payment_receipt',0,NULL),(9,'Photocopie légalisée du Baccalauréat (Recto-Verso)','photocopie_legalisee_Baccalaureat',1,2),(10,'Attestation de réussite en 1ère  et 2ème  année','attestation_reussite_1ere_2eme_annee',1,8),(11,'Lettre de Motivation','mettre_motivation',0,4),(12,'Relevé de notes du 1er  cycle universitaire','releve_notes_1er_cycle_universitaire',1,10),(13,'Demande manuscrite adressée à Monsieur le directeur de l\'ENAM Hassan II','demande_manuscrite',0,1),(14,'Copie certifiée conforme des notes obtenues après le baccalauréat','copie_certifiee_conforme_notes_obtenues_après_baccalauréat',1,4),(15,'Copie certifiée conforme de diplôme obtenu après le baccalauréat','Copie_certifiée_conforme_diplôme_obtenu_après_baccalauréat',1,5);

--
-- Table structure for table `fonctionnalites`
--

CREATE TABLE `fonctionnalites` (
  `id` int(11) NOT NULL AUTO_INCREMENT,
  `code` varchar(100) COLLATE utf8_unicode_ci NOT NULL,
  `description` longtext COLLATE utf8_unicode_ci NOT NULL,
  PRIMARY KEY (`id`),
  UNIQUE KEY `UNIQ_6386856277153098` (`code`)
) ENGINE=InnoDB AUTO_INCREMENT=4 DEFAULT CHARSET=utf8 COLLATE=utf8_unicode_ci;

--
-- Dumping data for table `fonctionnalites`
--



--
-- Table structure for table `nationality`
--

CREATE TABLE `nationality` (
  `id` int(11) NOT NULL AUTO_INCREMENT,
  `name` varchar(255) COLLATE utf8_unicode_ci NOT NULL,
  PRIMARY KEY (`id`),
  UNIQUE KEY `UNIQ_8AC58B705E237E06` (`name`)
) ENGINE=InnoDB AUTO_INCREMENT=252 DEFAULT CHARSET=utf8 COLLATE=utf8_unicode_ci;

--
-- Dumping data for table `nationality`
--

INSERT INTO `nationality` VALUES (86,'Bosnienne'),(87,'Botswanaise'),(88,'Bresilienne'),(89,'Britannique'),(90,'Bruneienne'),(91,'Bulgare'),(92,'Burkinabe'),(93,'Burundaise'),(94,'Cambodgienne'),(95,'Camerounaise'),(96,'Canadienne'),(97,'Cap-verdienne'),(98,'Centrafricaine'),(99,'Chilienne'),(100,'Chinoise'),(101,'Chypriote'),(102,'Colombienne'),(103,'Comorienne'),(104,'Congolaise'),(105,'Costaricaine'),(106,'Croate'),(107,'Cubaine'),(108,'Danoise'),(109,'Djiboutienne'),(110,'Dominicaine'),(111,'Dominiquaise'),(112,'Egyptienne'),(113,'Emirienne'),(114,'Equato-guineenne'),(115,'Equatorienne'),(116,'Erythreenne'),(118,'Est-timoraise'),(119,'Estonienne'),(120,'Ethiopienne'),(121,'Fidjienne'),(122,'Finlandaise'),(123,'FranÃ§aise'),(124,'Gambienne'),(125,'Georgienne'),(126,'Ghaneenne'),(127,'Grenadienne'),(128,'Guatemalteque'),(129,'Guineenne'),(130,'Guyanienne'),(131,'HaÃ¯tienne'),(132,'Hellenique'),(133,'Hondurienne'),(134,'Hongroise'),(135,'Indienne'),(136,'Indonesienne'),(137,'Irakienne'),(138,'Irlandaise'),(139,'Islandaise'),(140,'IsraÃ©lienne'),(141,'Italienne'),(142,'Ivoirienne'),(143,'JamaÃ¯caine'),(144,'Japonaise'),(145,'Jordanienne'),(146,'Kazakhstanaise'),(147,'Kenyane'),(148,'Kirghize'),(149,'Kiribatienne'),(150,'Kittitienne-et-nevicienne'),(151,'Kossovienne'),(152,'Koweitienne'),(153,'Laotienne'),(154,'Lesothane'),(155,'Lettone'),(156,'Libanaise'),(157,'Liberienne'),(158,'Libyenne'),(159,'Liechtensteinoise'),(160,'Lituanienne'),(161,'Luxembourgeoise'),(162,'Macedonienne'),(163,'Malaisienne'),(164,'Malawienne'),(165,'Maldivienne'),(166,'Malgache'),(167,'Maltaise'),(1,'Marocaine'),(168,'Marshallaise'),(169,'Mauricienne'),(170,'Mauritanienne'),(171,'Mexicaine'),(172,'Micronesienne'),(173,'Moldave'),(174,'Monegasque'),(175,'Mongole'),(176,'Montenegrine'),(177,'Mozambicaine'),(178,'Namibienne'),(179,'Nauruane'),(180,'Neerlandaise'),(181,'Neo-zelandaise'),(182,'Nepalaise'),(183,'Nicaraguayenne'),(184,'Nigeriane'),(185,'Nigerienne'),(186,'Nord-corÃ©enne'),(187,'Norvegienne'),(188,'Omanaise'),(189,'Ougandaise'),(190,'Ouzbeke'),(191,'Pakistanaise'),(192,'Palau'),(193,'Palestinienne'),(194,'Panameenne'),(195,'Papouane-neoguineenne'),(196,'Paraguayenne'),(197,'Peruvienne'),(198,'Philippine'),(199,'Polonaise'),(200,'Portoricaine'),(201,'Portugaise'),(202,'Qatarienne'),(203,'Roumaine'),(204,'Russe'),(205,'Rwandaise'),(206,'Saint-lucienne'),(207,'Saint-marinaise'),(208,'Saint-vincentaise-et-grenadine'),(209,'Salomonaise'),(210,'Salvadorienne'),(211,'Samoane'),(212,'Santomeenne'),(213,'Saoudienne'),(214,'Senegalaise'),(215,'Serbe'),(216,'Seychelloise'),(217,'Sierra-leonaise'),(218,'Singapourienne'),(219,'Slovaque'),(220,'Slovene'),(221,'Somalienne'),(222,'Soudanaise'),(223,'Sri-lankaise'),(224,'Sud-africaine'),(225,'Sud-corÃ©enne'),(226,'Suedoise'),(227,'Suisse'),(228,'Surinamaise'),(229,'Swazie'),(230,'Syrienne'),(231,'Tadjike'),(232,'Taiwanaise'),(233,'Tanzanienne'),(234,'Tchadienne'),(235,'Tcheque'),(236,'ThaÃ¯landaise'),(237,'Togolaise'),(238,'Tonguienne'),(239,'Trinidadienne'),(240,'Tunisienne'),(241,'Turkmene'),(242,'Turque'),(243,'Tuvaluane'),(244,'Ukrainienne'),(245,'Uruguayenne'),(246,'Vanuatuane'),(247,'Venezuelienne'),(248,'Vietnamienne'),(249,'Yemenite'),(250,'Zambienne'),(251,'Zimbabweenne');

--
-- Table structure for table `roles`
--

CREATE TABLE `roles` (
  `id` int(11) NOT NULL AUTO_INCREMENT,
  `libelle` varchar(70) COLLATE utf8_unicode_ci NOT NULL,
  PRIMARY KEY (`id`),
  UNIQUE KEY `UNIQ_B63E2EC7A4D60759` (`libelle`)
) ENGINE=InnoDB AUTO_INCREMENT=4 DEFAULT CHARSET=utf8 COLLATE=utf8_unicode_ci;

--
-- Dumping data for table `roles`
--

INSERT INTO `roles` VALUES (3,'reerre');

--
-- Table structure for table `school`
--

CREATE TABLE `school` (
  `id` int(11) NOT NULL AUTO_INCREMENT,
  `name` varchar(250) COLLATE utf8_unicode_ci NOT NULL,
  `address` varchar(45) COLLATE utf8_unicode_ci DEFAULT NULL,
  `phoneNumber` varchar(45) COLLATE utf8_unicode_ci DEFAULT NULL,
  `created_at` datetime NOT NULL,
  `updated_at` datetime DEFAULT NULL,
  `code` varchar(45) COLLATE utf8_unicode_ci DEFAULT NULL,
  PRIMARY KEY (`id`),
  UNIQUE KEY `UNIQ_F99EDABB5E237E06` (`name`)
) ENGINE=InnoDB AUTO_INCREMENT=2 DEFAULT CHARSET=utf8 COLLATE=utf8_unicode_ci;

--
-- Dumping data for table `school`
--

INSERT INTO `school` VALUES (1,'ENAM','Campus Rabat Adresse : Madinat Al Irfane BP 6','+ 212 (05) 37 77 17 45/58/59','2017-03-28 11:22:01','2019-05-21 14:53:02','ENAM');

--
-- Table structure for table `school_field`
--

CREATE TABLE `school_field` (
  `id` int(11) NOT NULL AUTO_INCREMENT,
  `name` varchar(255) COLLATE utf8_unicode_ci NOT NULL,
  `date_accreditation` datetime NOT NULL,
  `description` longtext COLLATE utf8_unicode_ci NOT NULL,
  PRIMARY KEY (`id`),
  UNIQUE KEY `UNIQ_850FF3425E237E06` (`name`)
) ENGINE=InnoDB AUTO_INCREMENT=14 DEFAULT CHARSET=utf8 COLLATE=utf8_unicode_ci;

--
-- Dumping data for table `school_field`
--

INSERT INTO `school_field` VALUES (12,'Sciences Géométriques et Ingénierie Topographique','2009-12-12 00:00:00','Structure nationale de référence en matière d’enseignement et de recherche dans le domaine de la géomatique, l’ENAM Hassan II a formé une centaine ingénieur topographes qui opèrent actuellement dans différents établissements publics et privés.<br>'),(13,'Génie Rural','2001-12-12 00:00:00','L’objectif de la formation d’ingénieur Génie Rural (GR) est de former des cadres supérieurs capables d’occuper de postes dans le public, le privé et dans les organisations nationales et internationales en ingénierie/conseil, expertise, gestion/management, planification et suivi-évaluation dans les domaines s’articulant autour de');

--
-- Table structure for table `training`
--

CREATE TABLE `training` (
  `id` int(11) NOT NULL AUTO_INCREMENT,
  `user_id` int(11) NOT NULL,
  `year_graduation` int(11) NOT NULL,
  `specialty` varchar(255) COLLATE utf8_unicode_ci NOT NULL,
  `establishment` varchar(255) COLLATE utf8_unicode_ci NOT NULL,
  `level` varchar(255) COLLATE utf8_unicode_ci NOT NULL,
  `moyenne` varchar(255) COLLATE utf8_unicode_ci DEFAULT NULL,
  `city` varchar(255) COLLATE utf8_unicode_ci NOT NULL,
  `status` varchar(255) COLLATE utf8_unicode_ci NOT NULL,
  PRIMARY KEY (`id`),
  KEY `IDX_D5128A8FA76ED395` (`user_id`),
  CONSTRAINT `FK_D5128A8FA76ED395` FOREIGN KEY (`user_id`) REFERENCES `users` (`id`)
) ENGINE=InnoDB AUTO_INCREMENT=4501 DEFAULT CHARSET=utf8 COLLATE=utf8_unicode_ci;

--
-- Dumping data for table `training`
--

INSERT INTO `training` VALUES (4473,14,2013,'toto','yoyoy','Tronc commun','12','casablanca','Réussite'),(4474,14,2012,'toto','yoyoy','Première année baccalauréat','88','casablanca','Réussite'),(4475,14,2014,'toto','yoyoy','Deuxième année baccalauréat (Terminale)','12','casablanca','Réussite'),(4479,2127,2018,'SC.EX','ETA1','Deuxième année Post Baccalauréat (DEUG ou équivalent)','15','casa','En cours'),(4480,2127,2017,'SC.EX','ETA1','Première année Post Baccalauréat','15','casa','Réussite'),(4481,2127,2016,'SC.EX','ETA1','Deuxième année baccalauréat (Terminale)','15','casa','Réussite'),(4482,2128,2016,'hh','hh','Deuxième année Post Baccalauréat (DEUG ou équivalent)','12','hh','Réussite'),(4483,2128,2017,'hh','hh','Troisième année Post Baccalauréat (Licence ou équivalent)','12','hh','Réussite'),(4484,2128,2014,'hh','hh','Première année Post Baccalauréat','12','hh','Réussite'),(4486,2129,2016,'hh','hh','Première année baccalauréat','12','hh','Réussite'),(4487,2129,2015,'hh','hh','Deuxième année baccalauréat (Terminale)','12','hh','Réussite'),(4488,2129,2018,'hh','hh','Première année Post Baccalauréat','12','hh','Réussite'),(4489,2126,2014,'kkgk','kfkf','Baccalauréat','22','ddk','En cours'),(4490,2126,2015,'kkgk','kfkf','Première année Post Baccalauréat','22','ddk','Réussite'),(4491,2126,2016,'kkgk','kfkf','Deuxième année Post Baccalauréat (DEUG ou équivalent)','22','ddk','En cours'),(4492,2126,2017,'kkgk','kfkf','Troisième année Post Baccalauréat (Licence ou équivalent)','22','ddk','Réussite'),(4494,2130,2015,'kkgk','kfkf','Baccalauréat','22','ddk','En cours'),(4495,2130,2016,'kkgk','kfkf','Première année Post Baccalauréat','22','ddk','Echec'),(4496,2130,2017,'kkgk','kfkf','Deuxième année Post Baccalauréat (DEUG ou équivalent)','22','ddk','Echec'),(4497,2131,2018,'maths','rabat','Baccalauréat','17','rabat','Réussite'),(4498,2132,2014,'maths','rabat','Deuxième année Post Baccalauréat (DEUG ou équivalent)','17','rabat','Réussite'),(4499,2132,2015,'maths','rabat','Troisième année Post Baccalauréat (Licence ou équivalent)','17','rabat','Réussite'),(4500,2132,2016,'maths','rabat','Première année Post Baccalauréat','17','rabat','Réussite');

--
-- Table structure for table `training_type`
--

CREATE TABLE `training_type` (
  `id` int(11) NOT NULL AUTO_INCREMENT,
  `name` varchar(255) COLLATE utf8_unicode_ci NOT NULL,
  PRIMARY KEY (`id`),
  UNIQUE KEY `UNIQ_8344106A5E237E06` (`name`)
) ENGINE=InnoDB AUTO_INCREMENT=7 DEFAULT CHARSET=utf8 COLLATE=utf8_unicode_ci;

--
-- Dumping data for table `training_type`
--

INSERT INTO `training_type` VALUES (6,'Formation initiale');

--
-- Table structure for table `user_diploma_type`
--

CREATE TABLE `user_diploma_type` (
  `user_id` int(11) NOT NULL,
  `diploma_type_id` int(11) NOT NULL,
  PRIMARY KEY (`user_id`,`diploma_type_id`),
  KEY `IDX_8011216DA76ED395` (`user_id`),
  KEY `IDX_8011216DD2BDC45D` (`diploma_type_id`),
  CONSTRAINT `FK_8011216DA76ED395` FOREIGN KEY (`user_id`) REFERENCES `users` (`id`),
  CONSTRAINT `FK_8011216DD2BDC45D` FOREIGN KEY (`diploma_type_id`) REFERENCES `diploma_type` (`id`)
) ENGINE=InnoDB DEFAULT CHARSET=utf8 COLLATE=utf8_unicode_ci;

--
-- Dumping data for table `user_diploma_type`
--

INSERT INTO `user_diploma_type` VALUES (14,4),(2126,4),(2127,4),(2128,4),(2129,4),(2130,4),(2131,4),(2132,4);


